it of 12/(-27) - ((-90926)/(-24))/((-18)/24)?
1
Let h = -29835 - -45017. What is the thousands digit of h?
5
Suppose 2*u - 778 = -2*d, 3*u + 1137 = -9*d + 12*d. Let f = d - -473. What is the tens digit of f?
5
Suppose 6*s - 12*s + 8*s = 0. Let n(h) be the third derivative of h**6/120 - h**5/60 - h**4/24 + 79*h**3/6 - 17*h**2. What is the tens digit of n(s)?
7
Let c be 0*((-145)/30 + 5). Suppose c = j + 3*g - 489, 2*g = 6*g + 8. What is the hundreds digit of j?
4
Suppose -5*l - 1 = -5*y - 6, -2*l + 4*y = -12. Let w(p) = -p**2 - 6*p - 4. Let n be w(l). What is the units digit of (1 - (n + 1))*-4?
6
Let d be 236/(6 - 10*(-2)/(-4)). Let g = d + -224. What is the units digit of g?
2
Suppose 0 = -j - 9*j - 4240. Let w = j + 695. What is the hundreds digit of w?
2
Let s(k) = -19*k - 34. Let o be s(17). Let v = -21 - o. What is the hundreds digit of v?
3
What is the hundreds digit of 3*(-23522)/(-15) - (-60)/(-150)?
7
Suppose -6*u - 27 = -u + x, 5*u + 4*x + 33 = 0. Let f = 6 + u. What is the tens digit of 2/f - -2 - -7?
1
Suppose -190*z - 2034593 + 3868074 = -3375179. What is the tens digit of z?
1
Let z = -143 - -145. Suppose 9*d - z*d = 70. What is the units digit of d?
0
Let r = -153 + 267. Let n = 120 - r. Let w(o) = o**3 + 3*o - 7. What is the units digit of w(n)?
7
Let k(d) = d**3 - 3*d**2 + 7*d - 7. Let z be k(3). Suppose -z = -2*o - 6, 2*w + 180 = 3*o. Let i = 94 + w. What is the tens digit of i?
1
Suppose 190 = 22*r - 8. Suppose 3 = i, -5*a - 3*i = -r*a + 619. What is the units digit of a?
7
What is the units digit of (9/162*1878)/(1/15)?
5
Let u(j) = -36*j + 1. Let q(f) = -70*f + 2. Let r(w) = -6*q(w) + 11*u(w). What is the hundreds digit of r(11)?
2
Let t(j) = 9*j**2 - 15*j + 16. Let w be t(1). Suppose 8*l + 1372 = w*l. What is the units digit of l?
6
Suppose -124 = 2*j - 6*j - 4*m, -2*m + 4 = 0. Suppose 2*g + j + 7 = 0. What is the tens digit of ((-48)/g)/(1/21)?
5
Let b(x) = 16*x**2 + 10*x + 205. What is the hundreds digit of b(-11)?
0
Suppose -3*f = -3 + 12, 5*y - 5*f = -10. Let c(j) = -j**3 - 13*j - 8. What is the hundreds digit of c(y)?
1
Let y be (0 + 24/21)*(-14)/(-4). Suppose -a = -4, -y*a + a = -3*h + 1425. What is the tens digit of h?
7
What is the hundreds digit of 12/60*(-245190)/(-2)?
5
Let j be ((-2106)/8)/((-2)/8). Let a = j - 453. What is the hundreds digit of a?
6
What is the hundreds digit of 3854/40467 + 81932/21*17?
3
Suppose -12495 = -s - 2*p, -21*s = -18*s - p - 37443. What is the thousands digit of s?
2
Let n(u) = u**3 + 6*u**2. Let j be n(-6). Let x(m) = 2*m**3 - m**2 + 5*m + 773. What is the units digit of x(j)?
3
Let z(g) = -3*g**2 + 9*g - 2. Let u be z(2). Suppose u*b + 17*b = 10017. What is the units digit of b?
7
Suppose -38 = -5*g - 4*h, 58 = -2*g + 2*h + 84. What is the hundreds digit of 5 - -1 - (-3247)/(27 - g)?
1
Suppose -3*t - 9498 = -3*b, 3344*t - 3347*t = 4*b - 12671. What is the hundreds digit of b?
1
Let k(d) = -d**3 + 15*d**2 + 2*d - 6. Let w be k(15). Suppose 8*y - 20 = 3*y. Let l = w - y. What is the units digit of l?
0
Let r = 97042 - 49676. What is the ten thousands digit of r?
4
Let v = -568 - -572. What is the tens digit of (1502/v)/((-7)/70*-5)?
5
Let f = -325 - -6098. What is the hundreds digit of f?
7
Suppose -1 = -5*p + 3*f, -4*p + 2*f + 2 + 0 = 0. Let u(g) = -2*g - 5 - g**p + 7*g - 29*g. What is the units digit of u(-18)?
3
What is the hundreds digit of 174686/9 + (-1)/((-9)/4)?
4
Suppose 2*d - 54 = -2*x - 28, -d - 5*x = -45. Let i be (-34)/(8/(-7) + 1). Suppose i = p - s, 2*s + s = d*p - 1198. What is the units digit of p?
2
Let y be 7 + (-52)/8 - 1/2. Suppose y = 13*p - 144 - 2716. What is the units digit of p?
0
Suppose -t = 3*c - 4227, -5*c - 4*t = -8*t - 7028. Suppose 2*n + 0*s - 4*s - c = 0, 5*s - 697 = -n. What is the tens digit of n?
0
Let r(b) = b**2 - 10*b + 16. Let t(l) = l**2 + 21*l + 19. Let z be t(-20). Let a be 3 - (12/z + 3). What is the tens digit of r(a)?
4
What is the tens digit of ((-30)/(-8))/(8/2783232*32)?
7
Suppose 6 = 7*h - 4*h. Suppose -4*o + 24 = h*r, 0 = 3*o - 12 + 3. What is the units digit of 15/r*12*2?
0
Let i(o) = o**2 + 23*o + 14. Let k be i(-21). Let a = k + 30. What is the units digit of (-6 - a)/4*(-59)/2?
9
Let l(r) = -297*r**3 - 12*r**2 - 59*r - 251. What is the tens digit of l(-4)?
0
Suppose 0 = 2*u + 47 - 157. What is the tens digit of 66/u - 814/(-5)?
6
Let a(i) = 14*i**2 - 20. Let g be (-414)/92*(1 + 0)*-2. What is the thousands digit of a(g)?
1
Let v(a) = a**3 - 14*a**2 - 16*a + 20. Let n be v(15). Suppose n*f - 8*f - 12 = 0. Let t(q) = q**3 + 7*q**2 - 11*q - 3. What is the tens digit of t(f)?
8
Let h(d) = 25*d**2 - 51*d + 32. Let f(c) = 13*c**2 - 25*c + 16. Let p(z) = -7*f(z) + 4*h(z). What is the hundreds digit of p(8)?
3
Suppose -109760 = -38*m - 25*m + 56*m. What is the thousands digit of m?
5
Suppose 4*g - 138422 = -2*r, -5*r + 146106 = 4*g + 7663. What is the units digit of g?
2
Let l(v) = -2*v**3 + 213*v**2 - 79*v - 506. What is the thousands digit of l(105)?
4
What is the hundreds digit of ((-36)/(-4) - 1419/(-6))*78?
1
Let y be -2*308/(-16)*-2. Let i = 107 + y. What is the units digit of ((-12)/i)/((-1)/570)?
8
Suppose 4*s - 13481 = s - 4*g, 3*g = -3. What is the hundreds digit of s?
4
What is the thousands digit of (-11)/(99/(-51147)) - 14?
5
Let i(r) = -r**3 - 12*r**2 + 2*r - 19. Let j(w) = -5*w - 33. Let y be j(-4). Let s be i(y). Let x = s - 76. What is the tens digit of x?
4
Suppose -10*w + 269 = 49. Suppose 5*d = -2*o + 46, o - 1 = -d + w. What is the units digit of o?
3
Suppose 0*s + 1680 = -5*s. Let q = 549 + s. What is the units digit of q?
3
Let x(u) = 859*u + 601. What is the units digit of x(10)?
1
Let s(u) = -10*u**2 - 3*u + 53. Let h be s(11). Let i = h - -1823. What is the tens digit of i?
3
Let j be (-1*3)/(((-77)/(-21))/(-11)). Suppose -j*i = -6 - 426. What is the tens digit of i?
4
Let f = -1349 + 463. Let v = f - -1366. Suppose 0 = 17*a - 14*a - v. What is the units digit of a?
0
Let j be 2/(-14) + 25695/35. Let v = j - 198. What is the tens digit of v?
3
Let g = -1644 - -1670. Suppose 3*w - 18 = 2*w. Suppose w*t = 17*t + g. What is the tens digit of t?
2
Suppose 0 = -38*q - 37125 + 164691. What is the hundreds digit of q?
3
Let s(t) = 2*t**3 - t**2 + 3. Let k be s(0). Let g(a) = a**2 - 5*a - 4. Let n be g(6). Suppose 8 = -n*h, 8*l - k*h = 3*l + 572. What is the tens digit of l?
1
Let o be (-43 + 178)*(-7)/(105/(-18)). Let c = 2039 - o. What is the thousands digit of c?
1
Let j(d) = 1014*d**2 + 2*d + 4. Let p(z) = -2027*z**2 - 4*z - 7. Let c(b) = -11*j(b) - 6*p(b). What is the units digit of c(1)?
8
Suppose j - 10 = -5. Suppose 7*d = -37 - j. What is the hundreds digit of ((-192)/7)/((d/(-21))/(-2))?
1
Suppose 99*t = 91*t + 46368. What is the tens digit of t?
9
Let y = 2032 + -103. What is the tens digit of y?
2
Let z be -4*2/(-6)*30. Suppose -5*q = -q - z. What is the tens digit of 6/4 + 235/q + -2?
2
Let q(g) = -g**2 - 3*g + 1. Let j be q(-2). Let w be (17/(-2))/((j - -3)/(-120)). Let f = w + -104. What is the units digit of f?
6
Suppose 4*s + 1160 = -s. Let d = s - -472. What is the tens digit of d?
4
Let d be ((-12)/(-30))/(1*3/285). Suppose -2*s + 30 + d = 0. Let z = s + -32. What is the units digit of z?
2
Let k be (-7 + -2 + 0)/(18/(-12)). Suppose -4*u - 8 = -28. Suppose 0 = u*w - k*w + 89. What is the units digit of w?
9
Let s(c) = c**3 - 18*c**2 - c + 13. Let j be s(18). What is the hundreds digit of (-2239)/j + 15/75?
4
Suppose 7313*t - 7314*t + 68043 = 2*j, 28 = 4*t. What is the thousands digit of j?
4
Let x(j) = 25*j - 23. Suppose -i = 3*w - 15, 3*w = -5*i + 7*i + 24. What is the units digit of x(w)?
7
Suppose -141968 = -4*j + 4*c, 106460 = 3*j + 301*c - 296*c. What is the hundreds digit of j?
4
What is the units digit of (-1 - -22534) + (-9)/1 + (-864)/(-96)?
3
Let v(c) = 405*c - 1224. What is the units digit of v(10)?
6
Let z(o) = 2*o**2 - 16*o - 9. Let w(d) = -42*d**2 - d. Let r be w(2). Let q be (-27)/189 + r/(-14). What is the units digit of z(q)?
7
Suppose 0*d = 3*d - 15, 35 = 2*u + 5*d. Let q = -3 + u. Suppose 2*k + 54 = q*l + 8, 0 = -5*l + 2*k + 103. What is the tens digit of l?
1
Suppose -2*c + 2*i = -0*c + 6, -20 = 5*i. Let g(f) = f**3 + 7*f**2 - 2*f - 4. Let x be g(c). Suppose x*s = 104 + 546.